41?
False
Is 16756 a multiple of 6?
False
Does 166 divide 688568?
True
Is 346 a factor of 11151234?
True
Does 60 divide 6795?
False
Is 151 a factor of 1008340?
False
Does 86 divide 1811296?
False
Is 6 a factor of 4777254?
True
Does 48 divide 263568?
True
Is 591385 a multiple of 64?
False
Is 156 a factor of 63116?
False
Is 31623 a multiple of 43?
False
Is 13 a factor of 556881?
True
Is 2261221 even?
False
Does 618 divide 21103586?
False
Does 141 divide 608092?
False
Does 7 divide 6811?
True
Is 18 a factor of 27108?
True
Is 32235 a multiple of 29?
False
Is 11892302 a multiple of 5?
False
Is 189 a factor of 18971442?
True
Is 102926 a multiple of 70?
False
Is 1644252 a multiple of 203?
False
Is 313 a factor of 177610?
False
Is 19445669 a multiple of 7?
False
Is 262 a factor of 380371?
False
Is 3921230 a multiple of 10?
True
Does 45 divide 2267981?
False
Is 39 a factor of 256542?
True
Is 889894 a multiple of 134?
True
Does 15 divide 13127723?
False
Does 34 divide 2827072?
False
Is 22 a factor of 99285?
False
Is 460 a factor of 7470860?
True
Is 4572678 a multiple of 6?
True
Does 74 divide 1690318?
False
Does 339 divide 526642?
False
Is 372 a factor of 214160?
False
Is 20 a factor of 15407700?
True
Is 234943 a multiple of 2?
False
Is 52 a factor of 909655?
False
Is 145 a factor of 310035?
False
Is 80 a factor of 483680?
True
Is 5955417 a multiple of 47?
True
Is 21 a factor of 94374?
True
Is 1816 a factor of 20979426?
False
Does 251 divide 115259?
False
Does 25 divide 4991725?
True
Does 95 divide 342095?
True
Does 29 divide 199132?
False
Is 851 a factor of 1272245?
True
Is 500 a factor of 26020500?
True
Does 28 divide 14379?
False
Is 11 a factor of 16417600?
False
Does 196 divide 273028?
True
Does 59 divide 328674?
False
Is 243 a factor of 1951721?
False
Does 21 divide 1970892?
True
Is 319 a factor of 954755?
False
Is 865771 a multiple of 13?
False
Does 10 divide 93746?
False
Is 1468 a factor of 4512632?
True
Is 16 a factor of 914880?
True
Is 12 a factor of 10900432?
False
Is 151 a factor of 231181?
True
Is 276480 a multiple of 135?
True
Is 425 a factor of 215475?
True
Is 33 a factor of 5157504?
True
Does 175 divide 3034613?
False
Does 83 divide 96446?
True
Is 151 a factor of 814450?
False
Is 51 a factor of 9183117?
False
Is 26166 a multiple of 21?
True
Does 25 divide 11623740?
False
Is 143 a factor of 2241382?
True
Does 8 divide 13163528?
True
Is 13241777 a multiple of 29?
True
Does 50 divide 112950?
True
Is 9 a factor of 2012814?
True
Is 85012 a multiple of 212?
True
Does 14 divide 449304?
False
Is 31855 a multiple of 4?
False
Is 417826 a multiple of 15?
False
Is 14 a factor of 3402318?
False
Is 26 a factor of 531570?
True
Does 3 divide 125256?
True
Does 14 divide 117458?
False
Is 366669 a multiple of 933?
True
Is 13 a factor of 66469?
True
Is 653 a factor of 3782829?
True
Is 436440 a multiple of 120?
True
Is 22677836 a multiple of 491?
False
Is 309 a factor of 28119?
True
Is 12 a factor of 2258824?
False
Does 72 divide 8743248?
True
Is 867546 a multiple of 197?
False
Is 3021840 a multiple of 42?
False
Is 167 a factor of 20040?
True
Does 743 divide 8652932?
False
Does 13 divide 96303?
False
Does 85 divide 105655?
True
Does 18 divide 97304?
False
Is 383653 a multiple of 48?
False
Does 10 divide 2764380?
True
Does 487 divide 995272?
False
Does 25 divide 69919?
False
Is 59252 a multiple of 65?
False
Is 24010811 a multiple of 1383?
False
Does 322 divide 8243200?
True
Is 5319 a multiple of 2?
False
Is 1627135 a multiple of 23?
True
Does 4 divide 733847?
False
Is 65 a factor of 8845940?
False
Does 350 divide 5359550?
True
Is 12 a factor of 455762?
False
Does 5 divide 915?
True
Does 7 divide 813613?
False
Is 59 a factor of 393182?
False
Does 16 divide 73776?
True
Does 495 divide 15417?
False
Does 773 divide 1039915?
False
Is 64317 a multiple of 33?
True
Is 98595 a multiple of 315?
True
Is 1027783 a multiple of 266?
False
Is 5 a factor of 78356?
False
Does 1178 divide 5053620?
True
Is 7 a factor of 696316?
False
Is 742 a factor of 5101250?
True
Is 134694 a multiple of 75?
False
Is 16 a factor of 1216144?
True
Is 100625 a multiple of 175?
True
Is 32 a factor of 1116448?
True
Is 1027840 a multiple of 20?
True
Does 441 divide 3192399?
True
Is 15 a factor of 155409?
False
Is 656 a factor of 4033744?
True
Is 809688 a multiple of 8?
True
Is 17 a factor of 1465876?
True
Is 329 a factor of 1432466?
True
Does 49 divide 80379?
False
Does 14 divide 601781?
False
Does 12 divide 115954?
False
Is 1065 a factor of 981541?
False
Does 167 divide 41416?
True
Is 29 a factor of 20393599?
False
Does 105 divide 58695?
True
Is 217842 a multiple of 24?
False
Is 702558 a multiple of 241?
False
Is 8 a factor of 8871?
False
Does 350 divide 734650?
True
Does 13 divide 672223?
False
Is 1215612 a multiple of 36?
True
Is 108 a factor of 1690562?
False
Does 67 divide 261545?
False
Is 92609 a multiple of 45?
False
Does 24 divide 43623?
False
Is 210 a factor of 139020?
True
Does 17 divide 1199183?
False
Is 102 a factor of 13366488?
True
Is 364572 a multiple of 164?
True
Is 5 a factor of 74666?
False
Does 244 divide 149285?
False
Does 129 divide 87240?
False
Is 11628 a multiple of 57?
True
Does 104 divide 2137604?
False
Is 149 a factor of 519861?
True
Is 832950 a multiple of 54?
True
Is 1984756 a multiple of 147?
False
Is 1480152 a multiple of 47?
False
Does 2 divide 23640?
True
Is 16 a factor of 1906816?
True
Is 3 a factor of 68868?
True
Is 3104567 a multiple of 21?
False
Is 148 a factor of 1934225?
False
Is 8624783 a multiple of 27?
False
Does 7 divide 7095151?
True
Does 11 divide 324001?
False
Is 6 a factor of 37465?
False
Is 79 a factor of 10486065?
True
Does 7 divide 1432500?
False
Does 7 divide 532664?
False
Is 12 a factor of 6484849?
False
Is 11259707 a multiple of 1258?
False
Is 432459 a multiple of 281?
True
Is 2389847 a multiple of 44?
False
Is 1818232 a multiple of 456?
False
Does 100 divide 3213800?
True
Is 3775854 a multiple of 41?
True
Does 84 divide 221088?
True
Is 1673880 a multiple of 38?
False
Is 754 a factor of 254541?
False
Does 72 divide 12473499?
False
Is 526490 a multiple of 17?
True
Does 133 divide 15917981?
False
Does 73 divide 918684?
False
Does 5 divide 33290?
True
Is 199 a factor of 396607?
True
Is 16 a factor of 32585376?
True
Is 4197231 a multiple of 562?
False
Is 123 a factor of 2850771?
True
Is 36392 a multiple of 6?
False
Is 296 a factor of 1602840?
True
Is 658 a factor of 1060038?
True
Is 22 a factor of 836?
True
Is 93 a factor of 349668?
False
Is 7 a factor of 28816?
False
Is 134406 a multiple of 19?
True
Is 8 a factor of 10392?
True
Does 29 divide 51533?
True
Does 6 divide 495990?
True
Is 159436 a multiple of 217?
False
Does 294 divide 392727?
False
Is 1500576 a multiple of 616?
True
Is 609 a factor of 645183?
False
Does 15 divide 57990?
True
Is 15453 a multiple of 51?
True
Is 34 a factor of 43947?
False
Is 440 a factor of 1950466?
False
Is 18 a factor of 1315932?
False
Is 430404 a multiple of 39?
True
Is 44 a factor of 711152?
False
Is 9 a factor of 5428368?
True
Is 42 a factor of 11594?
False
Is 88722 a multiple of 186?
True
Is 492 a factor of 6101784?
True
Is 724183 a multiple of 27?
False
Is 14 a factor of 19545960?
True
Is 11 a factor of 621080?
False
Is 2 a factor of 934282?
True
Does 35 divide 399875?
True
Is 17019 a multiple of 14?
False
Does 16 divide 306160?
True
Does 6 divide 645329?
False
Is 297832 a multiple of 12?
False
Is 460718 a multiple of 217?
False
Does 499 divide 4291899?
True
Is 37 a factor of 3127351?
True
Is 9978 a multiple of 12?
False
Is 65533 a multiple of 71?
True
Does 18 divide 532458?
True
Does 57 divide 1153918?
False
Does 474 divide 483202?
False
Is 1450550 a multiple of 43?
False
Does 21 divide 1906065?
True
Is 575821 a multiple of 734?
False
Is 97650 a multiple of 126?
True
Does 809 divide 3457716?
False
Is 299766 a multiple of 282?
True
Is 921 a factor of 1685430?
True
Does 55 divide 13788980?
False
Is 448056 a multiple of 3?
True
Does 41 divide 279497?
True
Does 95 divide 148487?
False
Is 373 a factor of 182335?
False
Is 308469 a multiple of 21?
True
Does 2 divide 6729?
False
Is 1487803 a multiple of 33?
False
Is 36 a factor of 187551?
False
Does 152 divide 6415638?
False
Does 34 divide 6443919?
False
Is 410510 a mu